61 is divided by 31.
14
What is the remainder when 864 is divided by 74?
50
What is the remainder when 13216 is divided by 1320?
16
What is the remainder when 147693 is divided by 271?
269
What is the remainder when 132988 is divided by 858?
856
Calculate the remainder when 1754 is divided by 56.
18
Calculate the remainder when 74550 is divided by 74512.
38
What is the remainder when 1924 is divided by 118?
36
What is the remainder when 62661 is divided by 15499?
665
Calculate the remainder when 130392 is divided by 442.
2
What is the remainder when 30319 is divided by 10105?
4
What is the remainder when 52732 is divided by 18?
10
What is the remainder when 937 is divided by 401?
135
Calculate the remainder when 462791 is divided by 445.
436
What is the remainder when 23554 is divided by 1969?
1895
Calculate the remainder when 109882 is divided by 7.
3
Calculate the remainder when 13457 is divided by 4476.
29
What is the remainder when 82557 is divided by 240?
237
Calculate the remainder when 232122 is divided by 17855.
7
Calculate the remainder when 2877221 is divided by 73.
72
Calculate the remainder when 43823 is divided by 25.
23
What is the remainder when 632 is divided by 454?
178
Calculate the remainder when 881 is divided by 430.
21
Calculate the remainder when 8916 is divided by 23.
15
Calculate the remainder when 108129 is divided by 132.
21
What is the remainder when 226999 is divided by 345?
334
Calculate the remainder when 1071502 is divided by 126.
124
What is the remainder when 110320 is divided by 31?
22
Calculate the remainder when 70788 is divided by 1912.
44
What is the remainder when 2386 is divided by 109?
97
Calculate the remainder when 13182 is divided by 133.
15
What is the remainder when 79669 is divided by 310?
309
Calculate the remainder when 1093171 is divided by 273290.
11
What is the remainder when 252 is divided by 19?
5
Calculate the remainder when 117968 is divided by 22.
4
What is the remainder when 695 is divided by 33?
2
What is the remainder when 63067 is divided by 119?
116
What is the remainder when 4817 is divided by 2398?
21
What is the remainder when 14599 is divided by 584?
583
What is the remainder when 976342 is divided by 18?
4
What is the remainder when 58197 is divided by 100?
97
Calculate the remainder when 62434 is divided by 3900.
34
What is the remainder when 6462 is divided by 1590?
102
Calculate the remainder when 2307221 is divided by 207.
206
What is the remainder when 1935653 is divided by 158?
153
What is the remainder when 680143 is divided by 13?
9
What is the remainder when 40393 is divided by 273?
262
Calculate the remainder when 9159 is divided by 177.
132
Calculate the remainder when 45179 is divided by 19.
16
What is the remainder when 26232 is divided by 8652?
276
Calculate the remainder when 103792 is divided by 918.
58
Calculate the remainder when 2606 is divided by 361.
79
Calculate the remainder when 107438 is divided by 21487.
3
What is the remainder when 86935 is divided by 183?
10
Calculate the remainder when 11178 is divided by 3721.
15
What is the remainder when 260670 is divided by 2803?
2794
Calculate the remainder when 802 is divided by 161.
158
What is the remainder when 161278 is divided by 64?
62
Calculate the remainder when 663320 is divided by 221101.
17
Calculate the remainder when 6762 is divided by 128.
106
What is the remainder when 5109 is divided by 22?
5
Calculate the remainder when 69078 is divided by 13814.
8
Calculate the remainder when 800 is divided by 357.
86
Calculate the remainder when 4375 is divided by 358.
79
What is the remainder when 6818 is divided by 31?
29
What is the remainder when 25454 is divided by 15?
14
Calculate the remainder when 179228 is divided by 12.
8
What is the remainder when 151359 is divided by 160?
159
What is the remainder when 158875 is divided by 5884?
7
What is the remainder when 373802 is divided by 122?
116
What is the remainder when 9364 is divided by 1336?
12
Calculate the remainder when 7604 is divided by 75.
29
What is the remainder when 26258 is divided by 3741?
71
Calculate the remainder when 47546 is divided by 1250.
46
Calculate the remainder when 873805 is divided by 285.
280
Calculate the remainder when 29774 is divided by 16.
14
Calculate the remainder when 33035 is divided by 600.
35
What is the remainder when 25485 is divided by 12?
9
Calculate the remainder when 1268037 is divided by 422675.
12
Calculate the remainder when 46014 is divided by 4601.
4
What is the remainder when 61766 is divided by 14?
12
What is the remainder when 753199 is divided by 31383?
7
What is the remainder when 4972 is divided by 498?
490
Calculate the remainder when 83104 is divided by 41526.
52
Calculate the remainder when 268718 is divided by 268718.
0
Calculate the remainder when 228 is divided by 201.
27
Calculate the remainder when 10175 is divided by 5.
0
Calculate the remainder when 158644 is divided by 3689.
17
What is the remainder when 521196 is divided by 521189?
7
Calculate the remainder when 23054 is divided by 158.
144
What is the remainder when 732 is divided by 66?
6
What is the remainder when 16654 is divided by 53?
12
Calculate the remainder when 16318 is divided by 51.
49
What is the remainder when 42777 is divided by 253?
20
Calculate the remainder when 880 is divided by 289.
13
What is the remainder when 1356 is divided by 1008?
348
Calculate the remainder when 6240011 is divided by 22.
19
What is the remainder when 2687 is divided by 141?
8
What is the remainder when 57446 is divided by 491?
490
What is the remainder when 131150 is divided by 14?
12
Calculate the remainder when 3084 is divided by 973.
165
Calculate the remainder when 7723 is divided by 12.
7
Calculate the remainder when 2362 is divided by 517.
294
Calculate the remainder when 451163 is divided by 371.
27
Calculate the remainder when 1052381 is divided by 1116.
1109
What is the remainder when 19357 is divided by 900?
457
Calculate the remainder when 30808 is divided by 142.
136
Calculate the remainder when 55644 is divided by 235.
184
Calculate the remainder when 70456 is divided by 3708.
4
What is the remainder when 4576 is divided by 668?
568
What is the remainder when 6966 is divided by 15?
6
What is the remainder when 5981 is divided by 1888?
317
What is the remainder when 766 is divided by 142?
56
What is the remainder when 810 is divided by 48?
42
Calculate the remainder when 3511 is divided by 694.
41
Calculate the remainder when 649594 is divided by 16.
10
What is the remainder when 31829 is divided by 3535?
14
Calculate the remainder when 752 is divided by 138.
62
What is the remainder when 28685 is divided by 163?
160
What is the remainder when 19401 is divided by 9629?
143
What is the remainder when 163761 is divided by 54585?
6
Calculate the remainder when 14837 is divided by 42.
11
What is the remainder when 1044 is divided by 338?
30
What is the remainder when 238754 is divided by 730?
44
Calculate the remainder when 58868 is divided by 626.
24
Calculate the remainder when 509709 is divided by 111.
108
Calculate the remainder when 94829 is divided by 144.
77
What is the remainder when 44039 is divided by 44039?
0
Calculate the remainder when 439966 is divided by 96.
94
Calculate the remainder when 68881 is divided by 49.
36
What is the remainder when 2934678 is divided by 1880?
1878
What is the remainder when 203 is divided by 200?
3
What is the remainder when 29484 is divided by 8?
4
Calculate the remainder when 1253 is divided by 96.
5
What is the remainder when 30742 is divided by 283?
178
What is the remainder when 243536 is divided by 110?
106
What is the remainder when 5161 is divided by 244?
37
Calculate the remainder when 2302 is divided by 83.
61
What is the remainder when 1496 is divided by 469?
89
What is the remainder when 87001 is divided by 6?
1
What is the remainder when 15344 is divided by 300?
44
What is the remainder when 1703 is divided by 356?
279
Calculate the remainder when 38757 is divided by 49.
47
What is the remainder when 421873 is divided by 52?
49
Calculate the remainder when 100750 is divided by 102.
76
What is the remainder when 121248 is divided by 88?
72
Calculate the remainder when 28912